0 = -5*x - 12, x - 4 = -2*r. List the prime factors of (3/x)/(6/(-32)).
2
Let d(j) = 7*j**2 + 22*j - 12. What are the prime factors of d(-9)?
3, 7, 17
Suppose 17 = 5*d + 2. Suppose 0*y + 5*y + 20 = 0, 3*y - 99 = -d*k. What are the prime factors of k?
37
Let h = 21 - 18. List the prime factors of h.
3
Suppose h + 20 = 5*h. Suppose -h*p = -n + 2*n + 12, -4*n + 5*p = -52. List the prime factors of n.
2
Suppose 0*b - b = -1. Let l = 8 + b. List the prime factors of l.
3
Suppose -4*o = -2*o - 3*n - 23, 0 = 4*o + 3*n - 73. Let s = o - 4. What are the prime factors of s?
2, 3
Let m = -31 - -35. List the prime factors of m.
2
Suppose 0*a + 4*a - 16 = 0. Suppose -a*l + 57 = -71. What are the prime factors of (-9)/6*l/(-6)?
2
Suppose -2*p = 2*p - 44. What are the prime factors of (-4)/(-22) + 108/p?
2, 5
List the prime factors of -2 + (-4230)/(-14) + (-4)/28.
2, 3, 5
Let a(o) = 2 - 3 + 2*o**2 + 2 - 7*o - 3*o**2. List the prime factors of a(-6).
7
Suppose t - o = -5*o + 3, -5*o - 9 = -3*t. List the prime factors of t.
3
Let k(v) be the third derivative of -v**6/120 - 2*v**5/15 + 3*v**4/8 + 4*v**3/3 + 4*v**2. List the prime factors of k(-9).
2
Let f(v) be the third derivative of v**5/30 + v**4/24 - 2*v**3/3 - 4*v**2. List the prime factors of f(3).
17
Suppose -4*n + 6 = 3*b - 1, 1 = -3*b - 2*n. List the prime factors of -2 + (-6)/b + 9.
3
Suppose -2*z + 8*z = 666. List the prime factors of z.
3, 37
Suppose 0 = -5*c + 14*c - 1935. List the prime factors of c.
5, 43
Let f(i) = i**3 + 15*i**2 + 15*i - 7. Let r be f(-12). List the prime factors of r/20 - (-1)/(-4).
2, 3
Let r(i) = -i**3 + 4*i**2 + 5*i + 7. Suppose -d + 3*d = 8. Let w be (-86)/(-18) - d/(-18). What are the prime factors of r(w)?
7
Suppose 0 = -4*r + 3 + 9. Suppose 4 = r*o - 2*o, -2*j = -3*o + 2. List the prime factors of j.
5
Suppose -3*l = -15, -d - 2*l - 3*l = -46. What are the prime factors of d?
3, 7
Let x = 76 - 23. Suppose 0 = 3*q - 4*l - x, 33 = 2*q - l - 4*l. What are the prime factors of q?
19
Let r(f) = f + 31. List the prime factors of r(4).
5, 7
Suppose -3 = 3*m - 9. Suppose -u = m*h + 6, -5 = -0*h + h. List the prime factors of u.
2
Let l be 1/(-1*2/22). Suppose 11*o = 6*o - 25. Let h = o - l. List the prime factors of h.
2, 3
Let f = 4 - 7. Let s(x) = -x**3 - x**2 - 2. List the prime factors of s(f).
2
Suppose 2*q + 2*q = 4*u - 276, u = 4*q + 75. Suppose -u = -4*s - 2*g + 53, 4*s + 4*g = 112. What are the prime factors of s?
2
Let v = -70 - -90. What are the prime factors of v?
2, 5
Let q(z) = 5*z - 45. List the prime factors of q(23).
2, 5, 7
Let r(k) = -2*k**2. Let u be r(1). What are the prime factors of u/4 + (-325)/(-10)?
2
Let z(q) = 8 - 5 - q + 0*q. Let c be z(9). Let f = 1 - c. What are the prime factors of f?
7
Let l = 8 + 11. Let a = 27 - l. List the prime factors of a.
2
Let a(y) = y**3 - 12*y - 2. List the prime factors of a(5).
3, 7
Let o(c) = c + c + 0*c - 5 - 2. List the prime factors of o(5).
3
Suppose 42 = 5*k + 7. List the prime factors of k.
7
Suppose -2*l - 3*l = -25, 3*l = 4*w - 5. Suppose 5*g + 4*f = 6*f + 28, w*g + 5*f = 0. Suppose -2*h - o + 23 = 0, -g*o = h + o - 34. List the prime factors of h.
3
Let n = 5 - 1. Let g(f) = -f + 7. Let c be g(n). Suppose -40 = -c*j - 2*j. List the prime factors of j.
2
Let c = 8 - 11. Let z = 2 + c. Let j = z + 14. List the prime factors of j.
13
Let h(g) = -2*g + 5. Let t(w) = -2*w + 4. Let m(y) = 3*h(y) - 4*t(y). Let c(z) = 7*z**3 - z**2 - z + 1. Let a be c(1). What are the prime factors of m(a)?
11
Let l be (-12)/(-4) + (-12)/(-2). Suppose m = -4*z + 55, -2*m + l*z = 4*z - 45. What are the prime factors of m?
5, 7
Let u(x) be the third derivative of x**6/120 - 5*x**4/24 + x**3/2 - 4*x**2. What are the prime factors of u(3)?
3, 5
Suppose -11*t + 2797 - 1015 = 0. What are the prime factors of t?
2, 3
Suppose x = -5*u + 13, 0*u = -x + 5*u - 17. Let n = 17 - -7. Let k = n + x. What are the prime factors of k?
2, 11
Suppose 5*a = -70 + 490. List the prime factors of a.
2, 3, 7
Suppose 5*c = c. Suppose c = 4*v + 8, 2*b - 6 = -5*v - 42. Let n = b + 19. What are the prime factors of n?
2, 3
Let a(v) = -3*v - 2. Suppose -7 = -2*l + 1. Suppose -4*n - 20 = l*q - 2*n, -5*n - 10 = 0. List the prime factors of a(q).
2, 5
Suppose 2*b + 2*b - 76 = 0. Suppose 3*a + 69 = 5*g - 8, 3*g - b = -5*a. List the prime factors of g.
13
Suppose 2*r = 2*l - 2*r - 20, 2*l - 10 = -r. Let v = 4 + l. List the prime factors of v.
2, 5
List the prime factors of (-11)/(66/(-1296)) + -1.
5, 43
Suppose -3*o = n - 96, 47 + 14 = n - 4*o. List the prime factors of n.
3
Let p be (12/(-18))/(1/(-24)). Let k = p - 7. List the prime factors of k.
3
Suppose -4*d + 18 = -2*d. Let j be d*1/6*4. Suppose -5*h + j = -3*h. What are the prime factors of h?
3
Let i(z) = -5*z**2 - 3*z**2 + 2*z + 5*z**2. Let g be i(2). What are the prime factors of 78/8 - 2/g?
2, 5
Let f = 4 + -2. Let r = -5 + f. List the prime factors of ((-6)/r)/(1/4).
2
Suppose 2*u + 2*d = -29 + 191, 2*u - 162 = -3*d. List the prime factors of u.
3
Suppose 4*u = 18 - 2. Suppose 3*y = u*y + 4*d - 31, -4*d + 53 = 3*y. What are the prime factors of y?
11
Let u(x) = -x**3 + 10*x**2 - 12*x - 5. Let w be u(9). Let p = -19 - w. Suppose g - p = -4. What are the prime factors of g?
3
Suppose 2*v + 10 = 7*v. Suppose -2*b + 0*h + 20 = -3*h, -v*b = -5*h - 20. What are the prime factors of b?
2, 5
Let z be -58 + 0/(3 - 4). Let y = -33 - z. What are the prime factors of y?
5
Let b be -3*(-2)/18*3. Suppose -j + 2 = -b. What are the prime factors of j?
3
Let i = 15 - 11. Suppose 0 = -4*w - 3*z + 55, 22 = i*w + z - 23. What are the prime factors of w?
2, 5
Suppose 4*d - 288 = 88. What are the prime factors of d?
2, 47
Suppose 5*n = -5*b + 150, -128 + 3 = -4*b - 3*n. Suppose 0 = -5*o - 4*j + 30, -j + 2*j = -4*o + b. Let r = 17 - o. List the prime factors of r.
7
Let b = -49 - -233. Let l be b/(-18) + (-4)/(-18). What are the prime factors of (-2)/4 + (-55)/l?
5
Let c(f) = -f**2 - 7*f + 6. Let o = 8 - 6. Suppose 4 + o = -d. What are the prime factors of c(d)?
2, 3
Let k be ((-3)/(-2))/((-3)/(-4)). Let s(x) = -x - 2. Let n be s(-3). List the prime factors of 5 + (0/n - k).
3
Let p = 3 + -8. Let l be (-2)/p - 73/(-5). Let a = l - 8. List the prime factors of a.
7
Let i = 32 - 16. Suppose -i*t - 108 = -20*t. List the prime factors of t.
3
Let y(n) = -11*n + 14. List the prime factors of y(-11).
3, 5
Let y(l) = -l**3 - 5*l**2 - 6*l - 3. Let i be y(-4). Suppose 21 = t - 5*r, 59 + 67 = i*t - 4*r. What are the prime factors of t?
2, 13
List the prime factors of 57/12 - 3/4.
2
Let j(b) = -6*b + 1. Let y be j(3). Let n = y + 27. List the prime factors of n.
2, 5
Let y = -139 - -72. Let i = y - -111. What are the prime factors of i?
2, 11
List the prime factors of (-4)/10 + (-12444)/(-60).
3, 23
Let f(x) = -x + 3. Let r be f(0). Let p = r + -8. List the prime factors of p/(-25) - 14/(-5).
3
Suppose 4*a = -n - 9, -2*n + 3*a - 112 = 2*n. Let p be 2 + (3 - 8) - n. List the prime factors of (-15)/(-6)*p/5.
11
Let k be -2 + 1 + -6 + -1. Let a be (k/(-1))/((-4)/(-8)). Suppose -a = -2*j + j. What are the prime factors of j?
2
Let m be (-118)/(-5) - (-4)/10. Suppose 0*p + 2*b = -3*p + 2, -1 = -4*p - 3*b. Suppose -p*v = -0*v - m. What are the prime factors of v?
2, 3
List the prime factors of 37/111 - ((-460)/6 + 1).
2, 19
Suppose -2*z + z = -22. Suppose -6*x + 3*x - 6 = 0, -4*q = -3*x - z. List the prime factors of q.
2
Suppose -x - 3*j = 0, 0*x + 4*x + 4*j = 0. Suppose p + 5*g - 21 = 0, -4*p - g - 2*g + 152 = x. What are the prime factors of p?
41
Let y(i) = i**3 + 5*i**2 - 6*i - 5. Let p(d) = -d**3 + d**2 - 1. Let g(r) = -2*p(r) - y(r). What are the prime factors of g(6)?
7
Let d = -7 - -17. Let k = d - 10. Suppose k = 4*c + c - 45. What are the prime factors of c?
3
Let u(w) = -54*w + 1. What are the prime factors of u(-1)?
5, 11
Let d be (-1134)/(-35) + 2/(-5). Suppose 6*q - q - 68 = -4*j, 2*q + 4*j = d. What are the prime factors of q?
2, 3
Let r be (-76)/10*(0 + -5). Suppose 4*a + 22 = -r. List the prime factors of (36/(-20))/(3/a).
3
Let v = -52 + 85. What are the prime factors of v?
3, 11
Suppose 4*d - 504 = -2*d. What are the prime factors of d?
2, 3, 7
Suppose -4*i - 15 = -31. Let h(k) = 8*k**2 + 4*k. Let m be h(3). Suppose -i